{"id":3049,"date":"2023-02-10T17:21:42","date_gmt":"2023-02-10T15:21:42","guid":{"rendered":"https:\/\/www.reitponystation.de\/cms\/?page_id=3049"},"modified":"2026-02-12T20:38:08","modified_gmt":"2026-02-12T18:38:08","slug":"stenderups-olympic","status":"publish","type":"page","link":"https:\/\/www.reitponystation.de\/cms\/zucht\/hengste\/stenderups-olympic\/","title":{"rendered":"Stenderups Olympic"},"content":{"rendered":"<p><div class=\"fusion-fullwidth fullwidth-box fusion-builder-row-1 fusion-flex-container nonhundred-percent-fullwidth non-hundred-percent-height-scrolling\" style=\"--awb-border-radius-top-left:0px;--awb-border-radius-top-right:0px;--awb-border-radius-bottom-right:0px;--awb-border-radius-bottom-left:0px;--awb-background-color:#444444;--awb-flex-wrap:wrap;\" ><div class=\"fusion-builder-row fusion-row fusion-flex-align-items-flex-start fusion-flex-content-wrap\" style=\"max-width:1622.4px;margin-left: calc(-4% \/ 2 );margin-right: calc(-4% \/ 2 );\"><div class=\"fusion-layout-column fusion_builder_column fusion-builder-column-0 fusion_builder_column_1_3 1_3 fusion-flex-column fusion-text-white\" style=\"--awb-padding-top:20px;--awb-padding-right:20px;--awb-padding-bottom:20px;--awb-padding-left:20px;--awb-bg-color:rgba(216,216,216,0);--awb-bg-color-hover:rgba(216,216,216,0);--awb-bg-size:cover;--awb-width-large:33.3333333333%;--awb-margin-top-large:0px;--awb-spacing-right-large:4.32%;--awb-margin-bottom-large:0px;--awb-spacing-left-large:5.76%;--awb-width-medium:33.3333333333%;--awb-spacing-right-medium:4.32%;--awb-spacing-left-medium:5.76%;--awb-width-small:100%;--awb-spacing-right-small:1.92%;--awb-spacing-left-small:1.92%;\"><div class=\"fusion-column-wrapper fusion-flex-justify-content-flex-start fusion-content-layout-column\"><div class=\"fusion-title title fusion-title-1 fusion-title-text fusion-title-size-two\" style=\"--awb-margin-top:20px;\"><div class=\"title-sep-container title-sep-container-left fusion-no-large-visibility fusion-no-medium-visibility fusion-no-small-visibility\"><div class=\"title-sep sep-single sep-solid\" style=\"border-color:#e0dede;\"><\/div><\/div><span class=\"awb-title-spacer fusion-no-large-visibility fusion-no-medium-visibility fusion-no-small-visibility\"><\/span><h2 class=\"fusion-title-heading title-heading-left fusion-responsive-typography-calculated\" style=\"margin:0;--fontSize:35;line-height:1.29;\"><p class=\"p1\"><span class=\"s1\">Stenderups Olympic<\/span><\/p><\/h2><span class=\"awb-title-spacer\"><\/span><div class=\"title-sep-container title-sep-container-right\"><div class=\"title-sep sep-single sep-solid\" style=\"border-color:#e0dede;\"><\/div><\/div><\/div><div class=\"fusion-text fusion-text-1\"><p><strong>Welsh B \u00b7 Rappe \u00b7 1,34 m \u00b7 *2020, CA-frei, WFFS-frei<br \/>\n<\/strong><\/p>\n<\/div><div class=\"fusion-text fusion-text-2\"><p><strong>Z\u00fcchter:<\/strong> Ferienhof Thomsen, Gelting<br \/>\n<strong>Besitzer:<\/strong> N. B\u00fcscherhoff, Seeth-Ekholt<\/p>\n<\/div><div class=\"fusion-separator fusion-full-width-sep\" style=\"align-self: flex-start;margin-right:auto;margin-top:10px;margin-bottom:10px;width:100%;\"><div class=\"fusion-separator-border sep-single sep-solid\" style=\"--awb-height:20px;--awb-amount:20px;border-color:#e0dede;border-top-width:1px;\"><\/div><\/div><div class=\"fusion-text fusion-text-3\"><p>K\u00f6rungssieger Schleswig-Holstein 2023<br \/>\nGesamtsieger, Pr\u00e4mienhengst,<br \/>\nSieger HLP mit Wertnote 9,5<\/p>\n<\/div><\/div><\/div><div class=\"fusion-layout-column fusion_builder_column fusion-builder-column-1 fusion_builder_column_1_3 1_3 fusion-flex-column table-1-white\" style=\"--awb-padding-top:20px;--awb-padding-right:20px;--awb-padding-bottom:20px;--awb-padding-left:20px;--awb-bg-color:rgba(216,216,216,0);--awb-bg-color-hover:rgba(216,216,216,0);--awb-bg-size:cover;--awb-width-large:33.3333333333%;--awb-margin-top-large:0px;--awb-spacing-right-large:4.32%;--awb-margin-bottom-large:0px;--awb-spacing-left-large:4.32%;--awb-width-medium:33.3333333333%;--awb-spacing-right-medium:4.32%;--awb-spacing-left-medium:4.32%;--awb-width-small:100%;--awb-spacing-right-small:1.92%;--awb-spacing-left-small:1.92%;\"><div class=\"fusion-column-wrapper fusion-flex-justify-content-flex-start fusion-content-layout-column\"><div class=\"fusion-separator fusion-full-width-sep\" style=\"align-self: center;margin-left: auto;margin-right: auto;margin-top:40px;margin-bottom:35px;width:100%;\"><div class=\"fusion-separator-border sep-double\" style=\"--awb-height:20px;--awb-amount:20px;--awb-sep-color:rgba(224,222,222,0);border-color:rgba(224,222,222,0);border-top-width:1px;border-bottom-width:1px;\"><\/div><\/div>\n<div class=\"table-1\">\n<table style=\"width: 98.5386%; height: 264px;\" width=\"100%\">\n<tbody>\n<tr style=\"height: 24px;\">\n<td style=\"height: 24px;\" align=\"left\"><strong>gek\u00f6rt in:<\/strong><\/td>\n<td style=\"height: 24px;\" align=\"left\">Schleswig-Holstein, 2023<\/td>\n<\/tr>\n<tr style=\"height: 24px;\">\n<td style=\"height: 24px;\" align=\"left\"><strong>anerkannt f\u00fcr:<\/strong><\/td>\n<td style=\"height: 24px;\" align=\"left\">Hannover<\/td>\n<\/tr>\n<tr style=\"height: 24px;\">\n<td style=\"height: 24px;\" align=\"left\"><strong>zugelassen f\u00fcr:<\/strong><\/td>\n<td style=\"height: 24px;\" align=\"left\">Zugelassen f\u00fcr Welsh, DR, Warmblut<\/td>\n<\/tr>\n<tr style=\"height: 24px;\">\n<td style=\"height: 24px;\" align=\"left\">&nbsp;<\/td>\n<td style=\"height: 24px;\" align=\"left\">&nbsp;<\/td>\n<\/tr>\n<tr style=\"height: 24px;\">\n<td style=\"height: 24px;\" align=\"left\"><strong>Decktaxe:<\/strong><\/td>\n<td style=\"height: 24px;\" align=\"left\">500,- EUR 300,- EUR f\u00fcr Welsh<\/td>\n<\/tr>\n<tr style=\"height: 24px;\">\n<td style=\"height: 24px;\"><strong> Deckart:<\/strong><\/td>\n<td style=\"height: 24px;\">Natursprung<\/td>\n<\/tr>\n<tr style=\"height: 24px;\">\n<td style=\"height: 24px;\"><strong>Standort:<\/strong><\/td>\n<td style=\"height: 24px;\">Gest\u00fct Halerh\u00f6he Ellers<\/td>\n<\/tr>\n<tr style=\"height: 24px;\">\n<td style=\"height: 24px;\"><strong>&nbsp;<\/strong><\/td>\n<td style=\"height: 24px;\">Hildegard Ellers<\/td>\n<\/tr>\n<tr style=\"height: 24px;\">\n<td style=\"height: 24px;\"><strong>&nbsp;<\/strong><\/td>\n<td style=\"height: 24px;\">Tel.: 01732071013<\/td>\n<\/tr>\n<tr style=\"height: 24px;\">\n<td style=\"height: 24px;\"><strong>&nbsp;<\/strong><\/td>\n<td style=\"height: 24px;\">Halerh\u00f6he 2<\/td>\n<\/tr>\n<tr style=\"height: 24px;\">\n<td style=\"height: 24px;\"><strong>&nbsp;<\/strong><\/td>\n<td style=\"height: 24px;\">49685 Emstek<\/td>\n<\/tr>\n<tr>\n<td><strong>&nbsp;<\/strong><\/td>\n<td>E-Mail: h.ellers@t-online.de<\/td>\n<\/tr>\n<\/tbody>\n<\/table>\n<\/div>\n<\/div><\/div><div class=\"fusion-layout-column fusion_builder_column fusion-builder-column-2 fusion_builder_column_1_3 1_3 fusion-flex-column\" style=\"--awb-bg-size:cover;--awb-width-large:33.3333333333%;--awb-margin-top-large:0px;--awb-spacing-right-large:5.76%;--awb-margin-bottom-large:0px;--awb-spacing-left-large:4.32%;--awb-width-medium:33.3333333333%;--awb-spacing-right-medium:5.76%;--awb-spacing-left-medium:4.32%;--awb-width-small:100%;--awb-spacing-right-small:1.92%;--awb-spacing-left-small:1.92%;\"><div class=\"fusion-column-wrapper fusion-flex-justify-content-flex-start fusion-content-layout-column\"><div class=\"fusion-image-element \" style=\"text-align:right;--awb-caption-title-font-family:var(--h2_typography-font-family);--awb-caption-title-font-weight:var(--h2_typography-font-weight);--awb-caption-title-font-style:var(--h2_typography-font-style);--awb-caption-title-size:var(--h2_typography-font-size);--awb-caption-title-transform:var(--h2_typography-text-transform);--awb-caption-title-line-height:var(--h2_typography-line-height);--awb-caption-title-letter-spacing:var(--h2_typography-letter-spacing);\"><span class=\" fusion-imageframe imageframe-none imageframe-1 hover-type-none\"><img decoding=\"async\" width=\"450\" height=\"600\" title=\"Stenderups Olympic_Ko\u0308rungssieger_vs\" src=\"https:\/\/www.reitponystation.de\/cms\/wp-content\/uploads\/2023\/02\/Stenderups-Olympic_Koerungssieger_vs.jpg\" alt class=\"img-responsive wp-image-3052\" srcset=\"https:\/\/www.reitponystation.de\/cms\/wp-content\/uploads\/2023\/02\/Stenderups-Olympic_Koerungssieger_vs-200x267.jpg 200w, https:\/\/www.reitponystation.de\/cms\/wp-content\/uploads\/2023\/02\/Stenderups-Olympic_Koerungssieger_vs-400x533.jpg 400w, https:\/\/www.reitponystation.de\/cms\/wp-content\/uploads\/2023\/02\/Stenderups-Olympic_Koerungssieger_vs.jpg 450w\" sizes=\"(max-width: 640px) 100vw, 450px\" \/><\/span><\/div><\/div><\/div><\/div><\/div><div class=\"fusion-fullwidth fullwidth-box fusion-builder-row-2 fusion-flex-container nonhundred-percent-fullwidth non-hundred-percent-height-scrolling\" style=\"--awb-border-radius-top-left:0px;--awb-border-radius-top-right:0px;--awb-border-radius-bottom-right:0px;--awb-border-radius-bottom-left:0px;--awb-margin-top:30px;--awb-flex-wrap:wrap;\" ><div class=\"fusion-builder-row fusion-row fusion-flex-align-items-flex-start fusion-flex-content-wrap\" style=\"max-width:1622.4px;margin-left: calc(-4% \/ 2 );margin-right: calc(-4% \/ 2 );\"><div class=\"fusion-layout-column fusion_builder_column fusion-builder-column-3 fusion_builder_column_1_1 1_1 fusion-flex-column\" style=\"--awb-bg-size:cover;--awb-width-large:100%;--awb-margin-top-large:0px;--awb-spacing-right-large:1.92%;--awb-margin-bottom-large:0px;--awb-spacing-left-large:1.92%;--awb-width-medium:100%;--awb-spacing-right-medium:1.92%;--awb-spacing-left-medium:1.92%;--awb-width-small:100%;--awb-spacing-right-small:1.92%;--awb-spacing-left-small:1.92%;\"><div class=\"fusion-column-wrapper fusion-flex-justify-content-flex-start fusion-content-layout-column\"><div class=\"fusion-text fusion-text-4\"><p class=\"p1\" style=\"text-align: justify;\"><b>\u201eStenderups Olympic zeigte sich auf seiner K\u00f6rung durchweg von seiner besten Seite, gl\u00e4nzte mit seinem schwarzen Charme und \u00fcberzeugte so die K\u00f6rkommission sowie das gesamte Publikum. Schon als Fohlen wurde ihm bereits die Pr\u00e4mie ausgestellt. Von seinem ausgezeichneten Charakter kann man nur tr\u00e4umen. Ein absolutes Kinderpony, selbst von den \u201eKleinsten\u201c unter uns ist Olympic prima h\u00e4ndelbar.\u201c<\/b><\/p>\n<\/div><\/div><\/div><\/div><\/div><div class=\"fusion-fullwidth fullwidth-box fusion-builder-row-3 fusion-flex-container nonhundred-percent-fullwidth non-hundred-percent-height-scrolling\" style=\"--awb-border-radius-top-left:0px;--awb-border-radius-top-right:0px;--awb-border-radius-bottom-right:0px;--awb-border-radius-bottom-left:0px;--awb-margin-top:30px;--awb-flex-wrap:wrap;\" ><div class=\"fusion-builder-row fusion-row fusion-flex-align-items-flex-start fusion-flex-content-wrap\" style=\"max-width:1622.4px;margin-left: calc(-4% \/ 2 );margin-right: calc(-4% \/ 2 );\"><div class=\"fusion-layout-column fusion_builder_column fusion-builder-column-4 fusion_builder_column_1_2 1_2 fusion-flex-column\" style=\"--awb-bg-size:cover;--awb-width-large:50%;--awb-margin-top-large:0px;--awb-spacing-right-large:3.84%;--awb-margin-bottom-large:0px;--awb-spacing-left-large:3.84%;--awb-width-medium:50%;--awb-spacing-right-medium:3.84%;--awb-spacing-left-medium:3.84%;--awb-width-small:100%;--awb-spacing-right-small:1.92%;--awb-spacing-left-small:1.92%;\"><div class=\"fusion-column-wrapper fusion-flex-justify-content-flex-start fusion-content-layout-column\"><div class=\"fusion-title title fusion-title-2 fusion-title-text fusion-title-size-three\"><div class=\"title-sep-container title-sep-container-left fusion-no-large-visibility fusion-no-medium-visibility fusion-no-small-visibility\"><div class=\"title-sep sep-single sep-solid\" style=\"border-color:#e0dede;\"><\/div><\/div><span class=\"awb-title-spacer fusion-no-large-visibility fusion-no-medium-visibility fusion-no-small-visibility\"><\/span><h3 class=\"fusion-title-heading title-heading-left fusion-responsive-typography-calculated\" style=\"margin:0;--fontSize:26;line-height:1.62;\">Pedigree<\/h3><span class=\"awb-title-spacer\"><\/span><div class=\"title-sep-container title-sep-container-right\"><div class=\"title-sep sep-single sep-solid\" style=\"border-color:#e0dede;\"><\/div><\/div><\/div>\n<div class=\"table-1\">\n<table style=\"width: 100%;\" width=\"100%\">\n<tbody>\n<tr>\n<td style=\"width: 31.0463%;\" rowspan=\"4\"><b>Tijd Vlijt\u2019s Oreon<\/b><\/td>\n<td style=\"width: 35.506%;\" rowspan=\"2\">Boston Bonaparte<\/td>\n<td class=\"ped\" style=\"width: 32.5901%;\">Varndell Right Royal<\/td>\n<\/tr>\n<tr>\n<td class=\"ped1\" style=\"width: 32.5901%;\">Contessa Kin<\/td>\n<\/tr>\n<tr>\n<td style=\"width: 35.506%;\" rowspan=\"2\">Tijd Vlijt\u2019s Dacota<\/td>\n<td class=\"ped\" style=\"width: 32.5901%;\">Bronheulog Hooch<\/td>\n<\/tr>\n<tr>\n<td class=\"ped1\" style=\"width: 32.5901%;\">Paltshoeve\u2019s Daisy<\/td>\n<\/tr>\n<tr>\n<td style=\"width: 31.0463%;\" rowspan=\"4\">Thea<\/td>\n<td style=\"width: 35.506%;\" rowspan=\"2\"><strong>Campari<\/strong><\/td>\n<td class=\"ped\" style=\"width: 32.5901%;\">Courage<\/td>\n<\/tr>\n<tr>\n<td class=\"ped1\" style=\"width: 32.5901%;\">Panja<\/td>\n<\/tr>\n<tr>\n<td style=\"width: 35.506%;\" rowspan=\"2\">Tamara<\/td>\n<td class=\"ped\" style=\"width: 32.5901%;\"><strong>Waldemar<\/strong><\/td>\n<\/tr>\n<tr>\n<td class=\"ped\" style=\"width: 32.5901%;\">Tina<\/td>\n<\/tr>\n<\/tbody>\n<\/table>\n<\/div>\n<\/div><\/div><div class=\"fusion-layout-column fusion_builder_column fusion-builder-column-5 fusion_builder_column_1_2 1_2 fusion-flex-column\" style=\"--awb-bg-size:cover;--awb-width-large:50%;--awb-margin-top-large:0px;--awb-spacing-right-large:3.84%;--awb-margin-bottom-large:0px;--awb-spacing-left-large:3.84%;--awb-width-medium:50%;--awb-spacing-right-medium:3.84%;--awb-spacing-left-medium:3.84%;--awb-width-small:100%;--awb-spacing-right-small:1.92%;--awb-spacing-left-small:1.92%;\"><div class=\"fusion-column-wrapper fusion-flex-justify-content-flex-start fusion-content-layout-column\"><div class=\"awb-gallery-wrapper awb-gallery-wrapper-1 button-span-no\" style=\"--more-btn-alignment:center;\"><div style=\"margin:-5px;--awb-bordersize:0px;\" class=\"fusion-gallery fusion-gallery-container fusion-grid-3 fusion-columns-total-4 fusion-gallery-layout-masonry fusion-gallery-1\"><div class=\"fusion-grid-column fusion-gallery-column fusion-gallery-column-3 hover-type-none fusion-grid-sizer\"><\/div><div style=\"padding:5px;\" class=\"fusion-grid-column fusion-gallery-column fusion-gallery-column-3 hover-type-none fusion-element-grid\"><div class=\"fusion-gallery-image\"><a href=\"https:\/\/www.reitponystation.de\/cms\/wp-content\/uploads\/2023\/02\/Stenderups-Olympic_Springfoto.jpg\" rel=\"noreferrer\" data-rel=\"iLightbox[gallery_image_1]\" class=\"fusion-lightbox\" target=\"_self\"><div style=\"background-image:url(https:\/\/www.reitponystation.de\/cms\/wp-content\/uploads\/2023\/02\/Stenderups-Olympic_Springfoto.jpg);padding-top:calc((100% + 10px) * 0.8 - 5px);background-position:;\" class=\"fusion-masonry-element-container\"><img decoding=\"async\" src=\"https:\/\/www.reitponystation.de\/cms\/wp-content\/uploads\/2023\/02\/Stenderups-Olympic_Springfoto.jpg\" width=\"1600\" height=\"1300\" alt=\"\" title=\"76 &#8211; Pferdestammbuch 03. &#8211; 05.02.2023\" aria-label=\"76 &#8211; Pferdestammbuch 03. &#8211; 05.02.2023\" class=\"img-responsive wp-image-3044\" srcset=\"https:\/\/www.reitponystation.de\/cms\/wp-content\/uploads\/2023\/02\/Stenderups-Olympic_Springfoto-200x163.jpg 200w, https:\/\/www.reitponystation.de\/cms\/wp-content\/uploads\/2023\/02\/Stenderups-Olympic_Springfoto-400x325.jpg 400w, https:\/\/www.reitponystation.de\/cms\/wp-content\/uploads\/2023\/02\/Stenderups-Olympic_Springfoto-600x488.jpg 600w, https:\/\/www.reitponystation.de\/cms\/wp-content\/uploads\/2023\/02\/Stenderups-Olympic_Springfoto-800x650.jpg 800w, https:\/\/www.reitponystation.de\/cms\/wp-content\/uploads\/2023\/02\/Stenderups-Olympic_Springfoto-1200x975.jpg 1200w, https:\/\/www.reitponystation.de\/cms\/wp-content\/uploads\/2023\/02\/Stenderups-Olympic_Springfoto.jpg 1600w\" sizes=\"(min-width: 2200px) 100vw, (min-width: 824px) 517px, (min-width: 732px) 824px, (min-width: 640px) 732px, \" \/><\/div><\/a><\/div><\/div><div style=\"padding:5px;\" class=\"fusion-grid-column fusion-gallery-column fusion-gallery-column-3 hover-type-none fusion-element-grid\"><div class=\"fusion-gallery-image\"><a href=\"https:\/\/www.reitponystation.de\/cms\/wp-content\/uploads\/2023\/02\/Stenderups-Olympic_Koerungssieger.jpg\" rel=\"noreferrer\" data-rel=\"iLightbox[gallery_image_1]\" class=\"fusion-lightbox\" target=\"_self\"><div style=\"background-image:url(https:\/\/www.reitponystation.de\/cms\/wp-content\/uploads\/2023\/02\/Stenderups-Olympic_Koerungssieger.jpg);padding-top:calc((100% + 10px) * 0.8 - 5px);background-position:;\" class=\"fusion-masonry-element-container\"><img decoding=\"async\" src=\"https:\/\/www.reitponystation.de\/cms\/wp-content\/uploads\/2023\/02\/Stenderups-Olympic_Koerungssieger.jpg\" width=\"1600\" height=\"1300\" alt=\"\" title=\"Stenderups Olympic_Ko\u0308rungssieger\" aria-label=\"Stenderups Olympic_Ko\u0308rungssieger\" class=\"img-responsive wp-image-3043\" srcset=\"https:\/\/www.reitponystation.de\/cms\/wp-content\/uploads\/2023\/02\/Stenderups-Olympic_Koerungssieger-200x163.jpg 200w, https:\/\/www.reitponystation.de\/cms\/wp-content\/uploads\/2023\/02\/Stenderups-Olympic_Koerungssieger-400x325.jpg 400w, https:\/\/www.reitponystation.de\/cms\/wp-content\/uploads\/2023\/02\/Stenderups-Olympic_Koerungssieger-600x488.jpg 600w, https:\/\/www.reitponystation.de\/cms\/wp-content\/uploads\/2023\/02\/Stenderups-Olympic_Koerungssieger-800x650.jpg 800w, https:\/\/www.reitponystation.de\/cms\/wp-content\/uploads\/2023\/02\/Stenderups-Olympic_Koerungssieger-1200x975.jpg 1200w, https:\/\/www.reitponystation.de\/cms\/wp-content\/uploads\/2023\/02\/Stenderups-Olympic_Koerungssieger.jpg 1600w\" sizes=\"(min-width: 2200px) 100vw, (min-width: 824px) 517px, (min-width: 732px) 824px, (min-width: 640px) 732px, \" \/><\/div><\/a><\/div><\/div><div style=\"padding:5px;\" class=\"fusion-grid-column fusion-gallery-column fusion-gallery-column-3 hover-type-none fusion-element-grid\"><div class=\"fusion-gallery-image\"><a href=\"https:\/\/www.reitponystation.de\/cms\/wp-content\/uploads\/2026\/02\/Kuscheln-mit-Finnja.jpg\" rel=\"noreferrer\" data-rel=\"iLightbox[gallery_image_1]\" class=\"fusion-lightbox\" target=\"_self\"><div style=\"background-image:url(https:\/\/www.reitponystation.de\/cms\/wp-content\/uploads\/2026\/02\/Kuscheln-mit-Finnja.jpg);padding-top:calc((100% + 10px) * 0.8 - 5px);background-position:37% 49%;\" class=\"fusion-masonry-element-container\"><img decoding=\"async\" src=\"https:\/\/www.reitponystation.de\/cms\/wp-content\/uploads\/2026\/02\/Kuscheln-mit-Finnja.jpg\" width=\"1600\" height=\"1066\" alt=\"\" title=\"Kuscheln mit Finnja\" aria-label=\"Kuscheln mit Finnja\" class=\"img-responsive wp-image-3300\" srcset=\"https:\/\/www.reitponystation.de\/cms\/wp-content\/uploads\/2026\/02\/Kuscheln-mit-Finnja-200x133.jpg 200w, https:\/\/www.reitponystation.de\/cms\/wp-content\/uploads\/2026\/02\/Kuscheln-mit-Finnja-400x267.jpg 400w, https:\/\/www.reitponystation.de\/cms\/wp-content\/uploads\/2026\/02\/Kuscheln-mit-Finnja-600x400.jpg 600w, https:\/\/www.reitponystation.de\/cms\/wp-content\/uploads\/2026\/02\/Kuscheln-mit-Finnja-800x533.jpg 800w, https:\/\/www.reitponystation.de\/cms\/wp-content\/uploads\/2026\/02\/Kuscheln-mit-Finnja-1200x800.jpg 1200w, https:\/\/www.reitponystation.de\/cms\/wp-content\/uploads\/2026\/02\/Kuscheln-mit-Finnja.jpg 1600w\" sizes=\"(min-width: 2200px) 100vw, (min-width: 824px) 517px, (min-width: 732px) 824px, (min-width: 640px) 732px, \" \/><\/div><\/a><\/div><\/div><div style=\"padding:5px;\" class=\"fusion-grid-column fusion-gallery-column fusion-gallery-column-3 hover-type-none fusion-element-grid\"><div class=\"fusion-gallery-image\"><a href=\"https:\/\/www.reitponystation.de\/cms\/wp-content\/uploads\/2026\/02\/Trab-mit-Finnja.jpg\" rel=\"noreferrer\" data-rel=\"iLightbox[gallery_image_1]\" class=\"fusion-lightbox\" target=\"_self\"><div style=\"background-image:url(https:\/\/www.reitponystation.de\/cms\/wp-content\/uploads\/2026\/02\/Trab-mit-Finnja.jpg);padding-top:calc((100% + 10px) * 0.8 - 5px);background-position:38% 44%;\" class=\"fusion-masonry-element-container\"><img decoding=\"async\" src=\"https:\/\/www.reitponystation.de\/cms\/wp-content\/uploads\/2026\/02\/Trab-mit-Finnja.jpg\" width=\"1600\" height=\"1066\" alt=\"\" title=\"Trab mit Finnja\" aria-label=\"Trab mit Finnja\" class=\"img-responsive wp-image-3301\" srcset=\"https:\/\/www.reitponystation.de\/cms\/wp-content\/uploads\/2026\/02\/Trab-mit-Finnja-200x133.jpg 200w, https:\/\/www.reitponystation.de\/cms\/wp-content\/uploads\/2026\/02\/Trab-mit-Finnja-400x267.jpg 400w, https:\/\/www.reitponystation.de\/cms\/wp-content\/uploads\/2026\/02\/Trab-mit-Finnja-600x400.jpg 600w, https:\/\/www.reitponystation.de\/cms\/wp-content\/uploads\/2026\/02\/Trab-mit-Finnja-800x533.jpg 800w, https:\/\/www.reitponystation.de\/cms\/wp-content\/uploads\/2026\/02\/Trab-mit-Finnja-1200x800.jpg 1200w, https:\/\/www.reitponystation.de\/cms\/wp-content\/uploads\/2026\/02\/Trab-mit-Finnja.jpg 1600w\" sizes=\"(min-width: 2200px) 100vw, (min-width: 824px) 517px, (min-width: 732px) 824px, (min-width: 640px) 732px, \" \/><\/div><\/a><\/div><\/div><\/div><\/div><div class=\"fusion-separator fusion-full-width-sep\" style=\"align-self: center;margin-left: auto;margin-right: auto;margin-top:20px;margin-bottom:20px;width:100%;\"><div class=\"fusion-separator-border sep-double\" style=\"--awb-height:20px;--awb-amount:20px;border-color:#e0dede;border-top-width:0px;border-bottom-width:0px;\"><\/div><\/div><div class=\"fusion-title title fusion-title-3 fusion-title-text fusion-title-size-three\"><div class=\"title-sep-container title-sep-container-left fusion-no-large-visibility fusion-no-medium-visibility fusion-no-small-visibility\"><div class=\"title-sep sep-single sep-solid\" style=\"border-color:#e0dede;\"><\/div><\/div><span class=\"awb-title-spacer fusion-no-large-visibility fusion-no-medium-visibility fusion-no-small-visibility\"><\/span><h3 class=\"fusion-title-heading title-heading-left fusion-responsive-typography-calculated\" style=\"margin:0;--fontSize:26;line-height:1.62;\">Video<\/h3><span class=\"awb-title-spacer\"><\/span><div class=\"title-sep-container title-sep-container-right\"><div class=\"title-sep sep-single sep-solid\" style=\"border-color:#e0dede;\"><\/div><\/div><\/div><\/div><\/div><\/div><\/div><div class=\"fusion-fullwidth fullwidth-box fusion-builder-row-4 fusion-flex-container nonhundred-percent-fullwidth non-hundred-percent-height-scrolling\" style=\"--awb-border-radius-top-left:0px;--awb-border-radius-top-right:0px;--awb-border-radius-bottom-right:0px;--awb-border-radius-bottom-left:0px;--awb-margin-top:30px;--awb-flex-wrap:wrap;\" ><div class=\"fusion-builder-row fusion-row fusion-flex-align-items-flex-start fusion-flex-content-wrap\" style=\"max-width:1622.4px;margin-left: calc(-4% \/ 2 );margin-right: calc(-4% \/ 2 );\"><div class=\"fusion-layout-column fusion_builder_column fusion-builder-column-6 fusion_builder_column_1_1 1_1 fusion-flex-column\" style=\"--awb-bg-size:cover;--awb-width-large:100%;--awb-margin-top-large:0px;--awb-spacing-right-large:1.92%;--awb-margin-bottom-large:0px;--awb-spacing-left-large:1.92%;--awb-width-medium:100%;--awb-spacing-right-medium:1.92%;--awb-spacing-left-medium:1.92%;--awb-width-small:100%;--awb-spacing-right-small:1.92%;--awb-spacing-left-small:1.92%;\"><div class=\"fusion-column-wrapper fusion-flex-justify-content-flex-start fusion-content-layout-column\"><div class=\"fusion-text fusion-text-5\"><p>[fusion_widget_area name=&#8220;cs-7&#8243; title_size=&#8220;&#8220; title_color=&#8220;&#8220; background_color=&#8220;&#8220; padding_top=&#8220;&#8220; padding_right=&#8220;&#8220; padding_bottom=&#8220;&#8220; padding_left=&#8220;&#8220; hide_on_mobile=&#8220;small-visibility,medium-visibility,large-visibility&#8220; class=&#8220;&#8220; id=&#8220;&#8220; \/]<\/p>\n<\/div><\/div><\/div><\/div><\/div><\/p>\n","protected":false},"excerpt":{"rendered":"","protected":false},"author":1,"featured_media":0,"parent":98,"menu_order":0,"comment_status":"closed","ping_status":"closed","template":"","meta":{"_acf_changed":false,"_exactmetrics_skip_tracking":false,"_exactmetrics_sitenote_active":false,"_exactmetrics_sitenote_note":"","_exactmetrics_sitenote_category":0,"ngg_post_thumbnail":0,"footnotes":""},"acf":[],"_links":{"self":[{"href":"https:\/\/www.reitponystation.de\/cms\/wp-json\/wp\/v2\/pages\/3049"}],"collection":[{"href":"https:\/\/www.reitponystation.de\/cms\/wp-json\/wp\/v2\/pages"}],"about":[{"href":"https:\/\/www.reitponystation.de\/cms\/wp-json\/wp\/v2\/types\/page"}],"author":[{"embeddable":true,"href":"https:\/\/www.reitponystation.de\/cms\/wp-json\/wp\/v2\/users\/1"}],"replies":[{"embeddable":true,"href":"https:\/\/www.reitponystation.de\/cms\/wp-json\/wp\/v2\/comments?post=3049"}],"version-history":[{"count":17,"href":"https:\/\/www.reitponystation.de\/cms\/wp-json\/wp\/v2\/pages\/3049\/revisions"}],"predecessor-version":[{"id":3302,"href":"https:\/\/www.reitponystation.de\/cms\/wp-json\/wp\/v2\/pages\/3049\/revisions\/3302"}],"up":[{"embeddable":true,"href":"https:\/\/www.reitponystation.de\/cms\/wp-json\/wp\/v2\/pages\/98"}],"wp:attachment":[{"href":"https:\/\/www.reitponystation.de\/cms\/wp-json\/wp\/v2\/media?parent=3049"}],"curies":[{"name":"wp","href":"https:\/\/api.w.org\/{rel}","templated":true}]}}